 + 11*w(f). Give o(-26).
2
Let i(b) be the third derivative of 3*b**4/4 - 2*b**3/3 - 796*b**2. Determine i(-3).
-58
Let f be 4 - ((-5)/(15/6) - 2). Let b = -6 + f. Let o(t) = 5*t - 4. Give o(b).
6
Let c be (-8871)/1080 + 8 - 2*1/(-9). Let g(z) be the third derivative of 0 + z**2 + 0*z**4 + 0*z + c*z**6 - 1/30*z**5 - 1/3*z**3. Determine g(3).
7
Suppose -o = o + 3*n + 2238, -4*o - 4*n = 4480. Let t be 1/(-5) + o/(-10). Suppose 3*k + t = -11*k. Let c(q) = q**3 + 9*q**2 + 10*q - 1. Give c(k).
-17
Let q(l) be the second derivative of -4*l**3/3 - l**2/2 + 11174*l - 9. Let g = -15 - -10. Determine q(g).
39
Suppose 1833 = 70*y + 1623. Let n(t) = 12*t - 23. What is n(y)?
13
Suppose 0 = 20*a + 15*a - 34*a. Let h(k) = -2*k**2 - k + 27. Determine h(a).
27
Let u(k) = 3*k - 5. Suppose -v + 3*l + 12 = -14, 0 = -5*l - 20. Suppose v*f - 11*f = -4*m + 29, -m - 3*f = -14. Give u(m).
10
Suppose 18 = 27*g - 9. Let t(l) be the second derivative of 13*l**3/3 - l**2/2 - 17*l. What is t(g)?
25
Suppose -11 = 4*x + 5, -4*o + 2*x = -8. Suppose 4*q - q - 5*v - 13 = o, -15 = 3*v. Let u(k) = -k**3 - 3*k**2 + 2*k + 1. Give u(q).
9
Let p(h) = -h**2 + 4*h + 3. Let x(q) = 95*q**3 - 2*q**2 - 6*q + 7. Let w be x(1). Let d = 91 - w. Give p(d).
-18
Suppose -47 = 5*p - 217. Suppose -190 - p = -16*m. Let l(u) = -u**3 + 15*u**2 - 14*u - 8. What is l(m)?
-8
Suppose 3*w - 10 = 4*c + 5*w, 2*c + 3*w = -3. Let i be 2451/(-133) + c/(-7). Let o be (-2)/(-4)*(-4 - i). Let x(m) = -m + 12. Give x(o).
5
Suppose -6*h + 84 = -270. Suppose -2*q + h = -5*i, -q = -0*q - 3*i - 27. Let t(b) = 2*b**2 - b**3 + 76*b - q*b - 33*b. Calculate t(-2).
14
Let y be ((-182)/(-35))/(6/15) + -1. Suppose -11*c - y - 21 = 0. Let l(g) = -g**3 - 4*g**2 - 3*g - 3. Determine l(c).
-3
Let w be (-6 - -12) + -1 + 0. Suppose 10*p + 15 = 9*p - 3*s, w*s + 25 = -2*p. Let c(v) = v - 3. What is c(p)?
-3
Suppose -82 = r - 5*q - 69, 0 = 7*q - 14. Let j(k) be the first derivative of -k**4/4 - k**3 + 5*k**2/2 + 2*k + 2. Calculate j(r).
-13
Let j(p) = -15*p + 129. Let y(o) = 45*o - 421. Let v(d) = -19*j(d) - 6*y(d). Determine v(-6).
-15
Let n(f) = -25*f**2 + 30*f - 97. Let x(z) = 9*z**2 - 10*z + 34. Let s(r) = -4*n(r) - 11*x(r). Give s(7).
-7
Let l be (((-12)/(-5))/3)/((-16)/(-80)). Suppose 3*r = -2*k - 2*k + 26, 5*k = l*r + 17. Let m(q) = 4*q**2 - 10 - 3*q**2 + 7 - 5*q. Determine m(k).
-3
Let m be (3 - 1)/((-4)/6). Let n(k) be the first derivative of -k**5/20 - k**4/3 - k**3/2 - 47*k + 51. Let y(v) be the first derivative of n(v). Determine y(m).
0
Let p(i) = i - 3. Let b(w) = w**3 + 2*w**2 + 3*w + 1. Suppose -2*a - 3*a - 5 = 0. Let k be b(a). Let x be p(k). Let g(n) = -2*n - 4. Give g(x).
4
Let b be (-3 + 4)/(-1)*(-35 - -25). Let i be -1*2/(-4)*6. Let a(c) = -10*c**2 + 4*c**3 - 3*c**i - 2*c + 0*c + c + 10. Determine a(b).
0
Let c(k) be the second derivative of -k**3/2 + 3*k**2 - 21*k. Let o be c(0). Suppose -o*w = -2*w - 12. Let j(y) = -y**3 + 2*y**2 + 4. Calculate j(w).
-5
Let f(x) be the third derivative of -x**6/120 - 3*x**5/20 - x**3/3 - 5*x**2. Let n be f(-9). Let z(c) = -6*c**2 - c**3 + 4*c**2 - 2*c - 517 + 515. What is z(n)?
2
Suppose 11*p - 5 - 17 = 0. Let i(t) = -2 + 8 - 1 + 9*t - 3 + p. Give i(-5).
-41
Let z(a) be the first derivative of a**3 - 4*a + 671. Give z(-2).
8
Let c = 281 + -276. Let o(a) = 3 - a - c*a + 4*a - 3*a. Calculate o(2).
-7
Let r(g) = 10 + 0*g + 2*g + 2. Suppose 12 = 4*q - 2*b, -2274*q - 3*b = -2271*q + 18. Determine r(q).
12
Let v(l) = -8*l + 5105*l**2 - 5106*l**2 + 15*l + 39. Calculate v(-4).
-5
Let p(i) = -6*i + 15. Let c(z) = 2*z - 17. Let h(w) = 4*c(w) + 3*p(w). What is h(10)?
-123
Let p(c) be the third derivative of -c**6/120 - c**5/20 + c**3/6 - c**2. Suppose -5916*n = -6010*n - 94. Give p(n).
-1
Suppose u + 16 = 6. Let d(m) be the third derivative of -m**6/120 - 11*m**5/60 - 3*m**4/8 + 7*m**3/3 + 3549*m**2. Give d(u).
4
Let n(d) = -d**3 + d**2 - 2*d + 72. Let m(l) = -l**2 - 163*l + 1368. Let s be m(8). Determine n(s).
72
Let l(x) = -x**3 + 14*x**2 - 19*x + 504. Let a be l(15). Let t(j) = -5*j**2 - 28*j - 11. Calculate t(a).
-23
Let y(q) = 2*q**2 + q - 1. Let n(h) = -209*h**2 - 206*h**2 - 4*h + 422*h**2 + 5. Let i(g) = -n(g) + 3*y(g). Determine i(6).
-2
Let j be (-170 + 165)/((-5)/3). Let c(n) be the third derivative of -5/6*n**j + 0 + 0*n + 9*n**2 + 1/24*n**4. What is c(4)?
-1
Let a be ((-14)/4)/(7/14). Let q = 7 - 19. Let k = q - a. Let w(g) = -g**3 - 6*g**2 - 4*g - 4. Calculate w(k).
-9
Let y(v) = -3*v**2 - 67*v - 1. Let u(r) = -2*r**2 - 55*r - 1. Let k(g) = -6*u(g) + 5*y(g). Determine k(0).
1
Suppose 2*k - 2 = -2*q, 9*q - 2*k = 5*q + 22. Let x be -10*(q - 5)*(0 - -1). Let r(n) = -3 - 2 - 4 + x + n. Determine r(-2).
-1
Let u(y) = -6*y**3 - y**2 - 9*y - 1. Suppose -17*m = 31*m - 48. Let n(k) = k**3 + k**2 + k - 1. Let v(a) = m*u(a) + 7*n(a). What is v(-6)?
4
Let v(t) be the first derivative of t**3/3 - 4*t**2 - 9*t + 1381. Let d be 10/3*(-12)/(-5). What is v(d)?
-9
Let q(y) = 5*y**2 + 149*y - 36. Let f = -1257 - -1227. Calculate q(f).
-6
Let w(v) = -2*v - 2. Let u(o) = o**3 + 23*o**2 + 23*o + 25. Let t be ((-99)/(-6))/(21/(-28)). Let m be u(t). Determine w(m).
-8
Suppose 5 = -5*s - 50. Let i(g) = -7*g. Let k(w) = 13*w. Let n(x) = s*i(x) - 6*k(x). Calculate n(-14).
14
Let x be -68*7/(-20) + (-1)/(-5). Let u be 50/6 - 32/x. Let b(k) be the second derivative of -k**3/6 + 3*k**2/2 - k. Give b(u).
-4
Let i = 29 - 49. Let x(b) = 200849 + b**3 + 24*b - 23*b + 20*b**2 - 200834. Determine x(i).
-5
Let k(v) = -1665 + 10*v + 1673 - 9*v - 3*v. Give k(4).
0
Let q(j) be the first derivative of -14*j**3/3 - 5*j**2/2 - 8*j - 3362. Calculate q(-2).
-54
Let q(g) be the second derivative of 5/6*g**3 + 0 - 6*g + 15*g**2 - 1/24*g**4. Let s(m) be the first derivative of q(m). Calculate s(5).
0
Let y(p) be the first derivative of 7*p**2/2 + p - 3. Let g = 131 - 126. Suppose -10 = -10*v + g*v. What is y(v)?
15
Let d(w) = -2*w**2 - 119 + 74 + 43 + 4*w**2 + 93*w**3 + w. Calculate d(1).
94
Suppose 22*k - 6 = 3*s + 18*k, -5*s = -4*k + 2. Let v be (-19)/(-95)*0/s. Let j(l) be the first derivative of -l**2/2 - 4*l - 22. Calculate j(v).
-4
Let u = 10 + -24. Let m be 40/7 + 2 + 24/u. Suppose -3*f - m = 3*c, -3*f = -2*f - 2*c - 10. Let i(t) = 3*t**3 + t**2 - t - 1. Give i(f).
25
Let y(k) = -247*k + 802*k - 6 - k**2 + 2*k**2 - 277*k - 271*k. Suppose 0*z + 10 = z - t, 4*t + 20 = 0. Suppose -5*v = -c + 7, -4*c + z*v = -c + 9. Give y(c).
2
Let k(w) = 3*w - 3. Let g = 73 + -47. Suppose 23*m = g*m - 288. Let o be m/52 - 8/(-52). Calculate k(o).
3
Suppose 8*p = 35*p - 6*p - 315. Let t(h) = -h**3 + 13*h**2 + 25*h + 67. What is t(p)?
-8
Let f(a) = 2*a**2 - 191*a + 278. Let p be f(94). Let c(o) = -o**3 - 6*o**2 - 3*o + 14. Calculate c(p).
-6
Let k = 246 - 244. Let w = 30 - 28. Let j(t) = 0*t + 3*t**w + 0*t - 5*t + 7*t. Calculate j(k).
16
Suppose 2*s = -u - 7, 5*u - 3*u + 13 = -3*s. Let d(j) = -12*j**3 - 8*j + 5. Let z(i) = 13*i**3 + 7*i - 4. Let p(g) = 5*d(g) + 6*z(g). Give p(s).
-19
Suppose 8*p = 13*p - 190. Suppose c = -5*j - 26, -p = 2*c + 3*c + 2*j. Let t(m) = -4*m - 6. Calculate t(c).
18
Let s be 2600/416 - 1/4 - 69. Let i(f) = -6*f - 380. What is i(s)?
-2
Let o(v) = v**3 + 14*v**2 + 64*v + 249. Let u be o(-10). Let f(q) = q**3 - 10*q**2 + 9*q - 8. Determine f(u).
-8
Let v be (-1)/((-4)/((-24)/(-3))). Suppose 0 = 4*p - v*p - 12. Let c(h) be the third derivative of h**4/24 - 2*h**3/3 + 6*h**2. Determine c(p).
2
Suppose 6*w - 2*w = -4*n + 16, 2*n = 2. Suppose -5*t - 11 = -c, -w*c - 27 = 29*t - 24*t. Let x(g) = g**2 + g - 5. Give x(c).
7
Let m(z) be the first derivative of -z**3/3 + 11*z**2/2 + 5*z + 89. Let s be (-1)/(-9) - (-534)/54. What is m(s)?
15
Suppose -9*w = -4*w - 35. Let t(x) = 40*x - 21. Let i(v) = -14*v + 7. Let h(c) = 17*i(c) + 6*t(c). Determine h(w).
7
Let z(f) = 2*f**3 - 18*f**2 + 3*f - 4. Let t = 16919 - 16911. Determine z(t).
-108
Suppose 334 = 4*k - 78. Let b(f) = k*f + 8 - f**2 - 57*f - 53*f. Calculate b(-8).
0
Let k(m) be the third derivative of m**4/8 + 11*m**3/6 + m**2. Suppose -45*a + 14 = -29 + 166 + 102. What is k(a)?
-4
Let x = -1418 - -1429. Let h(k) = k - 24. Give h(x).
-13
Let g(u) = -2 + 3 - 1 - u - 8. Let j(r) = -4*r**3 - 8*r**2 + 6*r. Let k be j(1). Calculate g(k).
-2
Let a be ((-5)/(-35) - 1)/(8*1